{"id":2702,"date":"2026-02-23T13:27:45","date_gmt":"2026-02-23T16:27:45","guid":{"rendered":"https:\/\/a3medicinadotrabalho.com.br\/campanha\/?page_id=2702"},"modified":"2026-02-23T13:58:30","modified_gmt":"2026-02-23T16:58:30","slug":"servicos-treinamentos-e-capacitacoes","status":"publish","type":"page","link":"https:\/\/a3medicinadotrabalho.com.br\/campanha\/servicos-treinamentos-e-capacitacoes\/","title":{"rendered":"Servi\u00e7os &#8211; Treinamentos e Capacita\u00e7\u00f5es"},"content":{"rendered":"\t\t<div data-elementor-type=\"wp-page\" data-elementor-id=\"2702\" class=\"elementor elementor-2702\" data-elementor-post-type=\"page\">\n\t\t\t\t<div class=\"elementor-element elementor-element-6483246 e-flex e-con-boxed e-con e-parent\" data-id=\"6483246\" data-element_type=\"container\" data-e-type=\"container\" data-settings=\"{&quot;background_background&quot;:&quot;gradient&quot;}\">\n\t\t\t\t\t<div class=\"e-con-inner\">\n\t\t<div class=\"elementor-element elementor-element-6fae3dc e-con-full e-flex e-con e-child\" data-id=\"6fae3dc\" data-element_type=\"container\" data-e-type=\"container\">\n\t\t\t\t<div class=\"elementor-element elementor-element-16300ad7 elementor-invisible elementor-widget elementor-widget-heading\" data-id=\"16300ad7\" data-element_type=\"widget\" data-e-type=\"widget\" data-settings=\"{&quot;_animation&quot;:&quot;fadeIn&quot;}\" data-widget_type=\"heading.default\">\n\t\t\t\t<div class=\"elementor-widget-container\">\n\t\t\t\t\t<h2 class=\"elementor-heading-title elementor-size-default\">Treinamentos e Capacita\u00e7\u00f5es<\/h2>\t\t\t\t<\/div>\n\t\t\t\t<\/div>\n\t\t\t\t<div class=\"elementor-element elementor-element-910aaef elementor-invisible elementor-widget elementor-widget-heading\" data-id=\"910aaef\" data-element_type=\"widget\" data-e-type=\"widget\" data-settings=\"{&quot;_animation&quot;:&quot;fadeIn&quot;}\" data-widget_type=\"heading.default\">\n\t\t\t\t<div class=\"elementor-widget-container\">\n\t\t\t\t\t<h2 class=\"elementor-heading-title elementor-size-default\">Normas Regulamentadoras<\/h2>\t\t\t\t<\/div>\n\t\t\t\t<\/div>\n\t\t\t\t<div class=\"elementor-element elementor-element-7f48818e elementor-align-left elementor-mobile-align-left elementor-widget elementor-widget-button\" data-id=\"7f48818e\" data-element_type=\"widget\" data-e-type=\"widget\" data-widget_type=\"button.default\">\n\t\t\t\t<div class=\"elementor-widget-container\">\n\t\t\t\t\t\t\t\t\t<div class=\"elementor-button-wrapper\">\n\t\t\t\t\t<a class=\"elementor-button elementor-button-link elementor-size-sm\" href=\"https:\/\/wa.me\/5516996506064\" id=\"orcamentonr1\">\n\t\t\t\t\t\t<span class=\"elementor-button-content-wrapper\">\n\t\t\t\t\t\t\t\t\t<span class=\"elementor-button-text\">Solicite um or\u00e7amento<\/span>\n\t\t\t\t\t<\/span>\n\t\t\t\t\t<\/a>\n\t\t\t\t<\/div>\n\t\t\t\t\t\t\t\t<\/div>\n\t\t\t\t<\/div>\n\t\t\t\t<\/div>\n\t\t\t\t\t<\/div>\n\t\t\t\t<\/div>\n\t\t<div class=\"elementor-element elementor-element-f068efd e-flex e-con-boxed e-con e-parent\" data-id=\"f068efd\" data-element_type=\"container\" data-e-type=\"container\">\n\t\t\t\t\t<div class=\"e-con-inner\">\n\t\t<div class=\"elementor-element elementor-element-fcac5df e-con-full e-flex e-con e-child\" data-id=\"fcac5df\" data-element_type=\"container\" data-e-type=\"container\">\n\t\t\t\t<div class=\"elementor-element elementor-element-22c312c elementor-widget elementor-widget-image\" data-id=\"22c312c\" data-element_type=\"widget\" data-e-type=\"widget\" data-widget_type=\"image.default\">\n\t\t\t\t<div class=\"elementor-widget-container\">\n\t\t\t\t\t\t\t\t\t\t\t\t\t\t\t<img decoding=\"async\" src=\"https:\/\/a3medicinadotrabalho.com.br\/campanha\/wp-content\/uploads\/elementor\/thumbs\/SERVICOS-CAPACITACOES-rjl3rv8c98iyebbaddzfymcg96kbsrdnnpzz9hucjk.jpg\" title=\"SERVI\u00c7OS &#8211; CAPACITA\u00c7\u00d5ES\" alt=\"SERVI\u00c7OS - CAPACITA\u00c7\u00d5ES\" loading=\"lazy\" \/>\t\t\t\t\t\t\t\t\t\t\t\t\t\t\t<\/div>\n\t\t\t\t<\/div>\n\t\t\t\t<\/div>\n\t\t<div class=\"elementor-element elementor-element-708e7cc e-con-full e-flex e-con e-child\" data-id=\"708e7cc\" data-element_type=\"container\" data-e-type=\"container\">\n\t\t\t\t<div class=\"elementor-element elementor-element-1ca3331 elementor-widget elementor-widget-image\" data-id=\"1ca3331\" data-element_type=\"widget\" data-e-type=\"widget\" data-widget_type=\"image.default\">\n\t\t\t\t<div class=\"elementor-widget-container\">\n\t\t\t\t\t\t\t\t\t\t\t\t\t\t\t<img decoding=\"async\" width=\"300\" height=\"105\" src=\"https:\/\/a3medicinadotrabalho.com.br\/campanha\/wp-content\/uploads\/2024\/12\/A3-Medicina-do-trabalho-marca-completa-e1768833689186-300x105.png\" class=\"attachment-medium size-medium wp-image-1570\" alt=\"\" srcset=\"https:\/\/a3medicinadotrabalho.com.br\/campanha\/wp-content\/uploads\/2024\/12\/A3-Medicina-do-trabalho-marca-completa-e1768833689186-300x105.png 300w, https:\/\/a3medicinadotrabalho.com.br\/campanha\/wp-content\/uploads\/2024\/12\/A3-Medicina-do-trabalho-marca-completa-e1768833689186-1024x360.png 1024w, https:\/\/a3medicinadotrabalho.com.br\/campanha\/wp-content\/uploads\/2024\/12\/A3-Medicina-do-trabalho-marca-completa-e1768833689186-768x270.png 768w, https:\/\/a3medicinadotrabalho.com.br\/campanha\/wp-content\/uploads\/2024\/12\/A3-Medicina-do-trabalho-marca-completa-e1768833689186-1536x540.png 1536w, https:\/\/a3medicinadotrabalho.com.br\/campanha\/wp-content\/uploads\/2024\/12\/A3-Medicina-do-trabalho-marca-completa-e1768833689186.png 1805w\" sizes=\"(max-width: 300px) 100vw, 300px\" \/>\t\t\t\t\t\t\t\t\t\t\t\t\t\t\t<\/div>\n\t\t\t\t<\/div>\n\t\t\t\t<div class=\"elementor-element elementor-element-2aa369b1 elementor-widget elementor-widget-text-editor\" data-id=\"2aa369b1\" data-element_type=\"widget\" data-e-type=\"widget\" data-widget_type=\"text-editor.default\">\n\t\t\t\t<div class=\"elementor-widget-container\">\n\t\t\t\t\t\t\t\t\t<p class=\"big\">A capacita\u00e7\u00e3o cont\u00ednua \u00e9 um dos pilares para a constru\u00e7\u00e3o de ambientes de trabalho realmente seguros. Mais do que cumprir exig\u00eancias normativas, os treinamentos em Seguran\u00e7a do Trabalho permitem que colaboradores reconhe\u00e7am riscos, adotem comportamentos preventivos e atuem com mais confian\u00e7a e responsabilidade em suas atividades di\u00e1rias.<\/p>\t\t\t\t\t\t\t\t<\/div>\n\t\t\t\t<\/div>\n\t\t\t\t<div class=\"elementor-element elementor-element-61497ce6 elementor-widget elementor-widget-heading\" data-id=\"61497ce6\" data-element_type=\"widget\" data-e-type=\"widget\" data-widget_type=\"heading.default\">\n\t\t\t\t<div class=\"elementor-widget-container\">\n\t\t\t\t\t<h2 class=\"elementor-heading-title elementor-size-default\">A A3 oferece treinamentos completos e atualizados conforme as Normas Regulamentadoras, com abordagem pr\u00e1tica, linguagem acess\u00edvel e foco na aplica\u00e7\u00e3o real dentro da rotina das empresas. Nosso objetivo \u00e9 transformar a obrigatoriedade em consci\u00eancia preventiva, reduzindo acidentes, afastamentos e passivos trabalhistas.<\/h2>\t\t\t\t<\/div>\n\t\t\t\t<\/div>\n\t\t\t\t<div class=\"elementor-element elementor-element-72f91a92 elementor-widget elementor-widget-heading\" data-id=\"72f91a92\" data-element_type=\"widget\" data-e-type=\"widget\" data-widget_type=\"heading.default\">\n\t\t\t\t<div class=\"elementor-widget-container\">\n\t\t\t\t\t<h2 class=\"elementor-heading-title elementor-size-default\">Com metodologia estruturada e instrutores qualificados, capacitamos equipes para lidar com diferentes cen\u00e1rios de risco, garantindo conformidade legal e fortalecimento da cultura de seguran\u00e7a.\n\nConfira abaixo os treinamentos dispon\u00edveis no portf\u00f3lio de Seguran\u00e7a do Trabalho da A3.<\/h2>\t\t\t\t<\/div>\n\t\t\t\t<\/div>\n\t\t\t\t<\/div>\n\t\t\t\t\t<\/div>\n\t\t\t\t<\/div>\n\t\t<div class=\"elementor-element elementor-element-34953697 e-flex e-con-boxed e-con e-parent\" data-id=\"34953697\" data-element_type=\"container\" data-e-type=\"container\">\n\t\t\t\t\t<div class=\"e-con-inner\">\n\t\t<div class=\"elementor-element elementor-element-72f74b72 e-con-full e-flex elementor-invisible e-con e-child\" data-id=\"72f74b72\" data-element_type=\"container\" data-e-type=\"container\" data-settings=\"{&quot;background_background&quot;:&quot;classic&quot;,&quot;animation&quot;:&quot;slideInLeft&quot;}\">\n\t\t<div class=\"elementor-element elementor-element-5292e593 e-con-full e-flex e-con e-child\" data-id=\"5292e593\" data-element_type=\"container\" data-e-type=\"container\" data-settings=\"{&quot;background_background&quot;:&quot;classic&quot;}\">\n\t\t\t\t<div class=\"elementor-element elementor-element-3452ddeb elementor-widget elementor-widget-heading\" data-id=\"3452ddeb\" data-element_type=\"widget\" data-e-type=\"widget\" data-widget_type=\"heading.default\">\n\t\t\t\t<div class=\"elementor-widget-container\">\n\t\t\t\t\t<h2 class=\"elementor-heading-title elementor-size-default\">NR-01 \u2013 Disposi\u00e7\u00f5es Gerais e GRO <\/h2>\t\t\t\t<\/div>\n\t\t\t\t<\/div>\n\t\t\t\t<div class=\"elementor-element elementor-element-7ab6b9aa elementor-widget elementor-widget-text-editor\" data-id=\"7ab6b9aa\" data-element_type=\"widget\" data-e-type=\"widget\" data-widget_type=\"text-editor.default\">\n\t\t\t\t<div class=\"elementor-widget-container\">\n\t\t\t\t\t\t\t\t\t<p>Capacita\u00e7\u00e3o sobre gerenciamento de riscos ocupacionais.<\/p>\t\t\t\t\t\t\t\t<\/div>\n\t\t\t\t<\/div>\n\t\t\t\t<\/div>\n\t\t<div class=\"elementor-element elementor-element-376a3053 e-con-full e-flex e-con e-child\" data-id=\"376a3053\" data-element_type=\"container\" data-e-type=\"container\" data-settings=\"{&quot;background_background&quot;:&quot;classic&quot;}\">\n\t\t\t\t<div class=\"elementor-element elementor-element-592a6406 elementor-widget elementor-widget-heading\" data-id=\"592a6406\" data-element_type=\"widget\" data-e-type=\"widget\" data-widget_type=\"heading.default\">\n\t\t\t\t<div class=\"elementor-widget-container\">\n\t\t\t\t\t<h2 class=\"elementor-heading-title elementor-size-default\">NR-05 \u2013 CIPA<\/h2>\t\t\t\t<\/div>\n\t\t\t\t<\/div>\n\t\t\t\t<div class=\"elementor-element elementor-element-3dc4981 elementor-widget elementor-widget-text-editor\" data-id=\"3dc4981\" data-element_type=\"widget\" data-e-type=\"widget\" data-widget_type=\"text-editor.default\">\n\t\t\t\t<div class=\"elementor-widget-container\">\n\t\t\t\t\t\t\t\t\t<p>Forma\u00e7\u00e3o e reciclagem da Comiss\u00e3o Interna de Preven\u00e7\u00e3o de Acidentes.<\/p>\t\t\t\t\t\t\t\t<\/div>\n\t\t\t\t<\/div>\n\t\t\t\t<\/div>\n\t\t<div class=\"elementor-element elementor-element-7e357e7e e-con-full e-flex e-con e-child\" data-id=\"7e357e7e\" data-element_type=\"container\" data-e-type=\"container\" data-settings=\"{&quot;background_background&quot;:&quot;classic&quot;}\">\n\t\t\t\t<div class=\"elementor-element elementor-element-4e1d95af elementor-widget__width-initial elementor-widget elementor-widget-heading\" data-id=\"4e1d95af\" data-element_type=\"widget\" data-e-type=\"widget\" data-widget_type=\"heading.default\">\n\t\t\t\t<div class=\"elementor-widget-container\">\n\t\t\t\t\t<h2 class=\"elementor-heading-title elementor-size-default\">NR-06 \u2013 EPI<\/h2>\t\t\t\t<\/div>\n\t\t\t\t<\/div>\n\t\t\t\t<div class=\"elementor-element elementor-element-2611f73f elementor-widget elementor-widget-text-editor\" data-id=\"2611f73f\" data-element_type=\"widget\" data-e-type=\"widget\" data-widget_type=\"text-editor.default\">\n\t\t\t\t<div class=\"elementor-widget-container\">\n\t\t\t\t\t\t\t\t\t<p>Uso correto, conserva\u00e7\u00e3o e responsabilidade sobre Equipamentos de Prote\u00e7\u00e3o Individual.<\/p>\t\t\t\t\t\t\t\t<\/div>\n\t\t\t\t<\/div>\n\t\t\t\t<\/div>\n\t\t<div class=\"elementor-element elementor-element-4d220185 e-con-full e-flex e-con e-child\" data-id=\"4d220185\" data-element_type=\"container\" data-e-type=\"container\" data-settings=\"{&quot;background_background&quot;:&quot;classic&quot;}\">\n\t\t\t\t<div class=\"elementor-element elementor-element-67571afc elementor-widget elementor-widget-heading\" data-id=\"67571afc\" data-element_type=\"widget\" data-e-type=\"widget\" data-widget_type=\"heading.default\">\n\t\t\t\t<div class=\"elementor-widget-container\">\n\t\t\t\t\t<h2 class=\"elementor-heading-title elementor-size-default\">NR-10 \u2013 Seguran\u00e7a em Instala\u00e7\u00f5es El\u00e9tricas<\/h2>\t\t\t\t<\/div>\n\t\t\t\t<\/div>\n\t\t\t\t<div class=\"elementor-element elementor-element-24313086 elementor-widget elementor-widget-text-editor\" data-id=\"24313086\" data-element_type=\"widget\" data-e-type=\"widget\" data-widget_type=\"text-editor.default\">\n\t\t\t\t<div class=\"elementor-widget-container\">\n\t\t\t\t\t\t\t\t\t<p>Capacita\u00e7\u00e3o para trabalhos com eletricidade.<\/p>\t\t\t\t\t\t\t\t<\/div>\n\t\t\t\t<\/div>\n\t\t\t\t<\/div>\n\t\t<div class=\"elementor-element elementor-element-7cab1049 e-con-full e-flex e-con e-child\" data-id=\"7cab1049\" data-element_type=\"container\" data-e-type=\"container\" data-settings=\"{&quot;background_background&quot;:&quot;classic&quot;}\">\n\t\t\t\t<div class=\"elementor-element elementor-element-12fa883 elementor-widget elementor-widget-heading\" data-id=\"12fa883\" data-element_type=\"widget\" data-e-type=\"widget\" data-widget_type=\"heading.default\">\n\t\t\t\t<div class=\"elementor-widget-container\">\n\t\t\t\t\t<h2 class=\"elementor-heading-title elementor-size-default\">NR-12 \u2013 Seguran\u00e7a em M\u00e1quinas e Equipamentos<\/h2>\t\t\t\t<\/div>\n\t\t\t\t<\/div>\n\t\t\t\t<div class=\"elementor-element elementor-element-7e9eb621 elementor-widget elementor-widget-text-editor\" data-id=\"7e9eb621\" data-element_type=\"widget\" data-e-type=\"widget\" data-widget_type=\"text-editor.default\">\n\t\t\t\t<div class=\"elementor-widget-container\">\n\t\t\t\t\t\t\t\t\t<p>Preven\u00e7\u00e3o de acidentes com m\u00e1quinas.<\/p>\t\t\t\t\t\t\t\t<\/div>\n\t\t\t\t<\/div>\n\t\t\t\t<\/div>\n\t\t\t\t<\/div>\n\t\t<div class=\"elementor-element elementor-element-2011cad2 e-con-full e-flex elementor-invisible e-con e-child\" data-id=\"2011cad2\" data-element_type=\"container\" data-e-type=\"container\" data-settings=\"{&quot;background_background&quot;:&quot;classic&quot;,&quot;animation&quot;:&quot;slideInRight&quot;}\">\n\t\t<div class=\"elementor-element elementor-element-55551401 e-con-full e-flex e-con e-child\" data-id=\"55551401\" data-element_type=\"container\" data-e-type=\"container\" data-settings=\"{&quot;background_background&quot;:&quot;classic&quot;}\">\n\t\t\t\t<div class=\"elementor-element elementor-element-6bf86345 elementor-widget elementor-widget-heading\" data-id=\"6bf86345\" data-element_type=\"widget\" data-e-type=\"widget\" data-widget_type=\"heading.default\">\n\t\t\t\t<div class=\"elementor-widget-container\">\n\t\t\t\t\t<h2 class=\"elementor-heading-title elementor-size-default\">NR-17 \u2013 Ergonomia<\/h2>\t\t\t\t<\/div>\n\t\t\t\t<\/div>\n\t\t\t\t<div class=\"elementor-element elementor-element-2cd556dc elementor-widget elementor-widget-text-editor\" data-id=\"2cd556dc\" data-element_type=\"widget\" data-e-type=\"widget\" data-widget_type=\"text-editor.default\">\n\t\t\t\t<div class=\"elementor-widget-container\">\n\t\t\t\t\t\t\t\t\t<p>Adequa\u00e7\u00e3o do trabalho \u00e0s caracter\u00edsticas do trabalhador.<\/p>\t\t\t\t\t\t\t\t<\/div>\n\t\t\t\t<\/div>\n\t\t\t\t<\/div>\n\t\t<div class=\"elementor-element elementor-element-4c77e51b e-con-full e-flex e-con e-child\" data-id=\"4c77e51b\" data-element_type=\"container\" data-e-type=\"container\" data-settings=\"{&quot;background_background&quot;:&quot;classic&quot;}\">\n\t\t\t\t<div class=\"elementor-element elementor-element-2ad78475 elementor-widget elementor-widget-heading\" data-id=\"2ad78475\" data-element_type=\"widget\" data-e-type=\"widget\" data-widget_type=\"heading.default\">\n\t\t\t\t<div class=\"elementor-widget-container\">\n\t\t\t\t\t<h2 class=\"elementor-heading-title elementor-size-default\">NR-20 \u2013 Inflam\u00e1veis e Combust\u00edveis<\/h2>\t\t\t\t<\/div>\n\t\t\t\t<\/div>\n\t\t\t\t<div class=\"elementor-element elementor-element-2b979d96 elementor-widget elementor-widget-text-editor\" data-id=\"2b979d96\" data-element_type=\"widget\" data-e-type=\"widget\" data-widget_type=\"text-editor.default\">\n\t\t\t\t<div class=\"elementor-widget-container\">\n\t\t\t\t\t\t\t\t\t<p>Seguran\u00e7a em atividades com produtos perigosos.<\/p>\t\t\t\t\t\t\t\t<\/div>\n\t\t\t\t<\/div>\n\t\t\t\t<\/div>\n\t\t<div class=\"elementor-element elementor-element-36f2792f e-con-full e-flex e-con e-child\" data-id=\"36f2792f\" data-element_type=\"container\" data-e-type=\"container\" data-settings=\"{&quot;background_background&quot;:&quot;classic&quot;}\">\n\t\t\t\t<div class=\"elementor-element elementor-element-55b5282a elementor-widget__width-initial elementor-widget elementor-widget-heading\" data-id=\"55b5282a\" data-element_type=\"widget\" data-e-type=\"widget\" data-widget_type=\"heading.default\">\n\t\t\t\t<div class=\"elementor-widget-container\">\n\t\t\t\t\t<h2 class=\"elementor-heading-title elementor-size-default\">NR-23 \u2013 Prote\u00e7\u00e3o Contra Inc\u00eandios<\/h2>\t\t\t\t<\/div>\n\t\t\t\t<\/div>\n\t\t\t\t<div class=\"elementor-element elementor-element-43b93208 elementor-widget elementor-widget-text-editor\" data-id=\"43b93208\" data-element_type=\"widget\" data-e-type=\"widget\" data-widget_type=\"text-editor.default\">\n\t\t\t\t<div class=\"elementor-widget-container\">\n\t\t\t\t\t\t\t\t\t<p>Preven\u00e7\u00e3o e combate a inc\u00eandios.<\/p>\t\t\t\t\t\t\t\t<\/div>\n\t\t\t\t<\/div>\n\t\t\t\t<\/div>\n\t\t<div class=\"elementor-element elementor-element-61b39ca7 e-con-full e-flex e-con e-child\" data-id=\"61b39ca7\" data-element_type=\"container\" data-e-type=\"container\" data-settings=\"{&quot;background_background&quot;:&quot;classic&quot;}\">\n\t\t\t\t<div class=\"elementor-element elementor-element-7cb7e3f7 elementor-widget elementor-widget-heading\" data-id=\"7cb7e3f7\" data-element_type=\"widget\" data-e-type=\"widget\" data-widget_type=\"heading.default\">\n\t\t\t\t<div class=\"elementor-widget-container\">\n\t\t\t\t\t<h2 class=\"elementor-heading-title elementor-size-default\">NR-33 \u2013 Espa\u00e7os Confinados<\/h2>\t\t\t\t<\/div>\n\t\t\t\t<\/div>\n\t\t\t\t<div class=\"elementor-element elementor-element-3a48935c elementor-widget elementor-widget-text-editor\" data-id=\"3a48935c\" data-element_type=\"widget\" data-e-type=\"widget\" data-widget_type=\"text-editor.default\">\n\t\t\t\t<div class=\"elementor-widget-container\">\n\t\t\t\t\t\t\t\t\t<p>Capacita\u00e7\u00e3o para trabalhos em ambientes confinados.<\/p>\t\t\t\t\t\t\t\t<\/div>\n\t\t\t\t<\/div>\n\t\t\t\t<\/div>\n\t\t<div class=\"elementor-element elementor-element-1c472f89 e-con-full e-flex e-con e-child\" data-id=\"1c472f89\" data-element_type=\"container\" data-e-type=\"container\" data-settings=\"{&quot;background_background&quot;:&quot;classic&quot;}\">\n\t\t\t\t<div class=\"elementor-element elementor-element-3893490c elementor-widget elementor-widget-heading\" data-id=\"3893490c\" data-element_type=\"widget\" data-e-type=\"widget\" data-widget_type=\"heading.default\">\n\t\t\t\t<div class=\"elementor-widget-container\">\n\t\t\t\t\t<h2 class=\"elementor-heading-title elementor-size-default\">NR-35 \u2013 Trabalho em Altura<\/h2>\t\t\t\t<\/div>\n\t\t\t\t<\/div>\n\t\t\t\t<div class=\"elementor-element elementor-element-4d652302 elementor-widget elementor-widget-text-editor\" data-id=\"4d652302\" data-element_type=\"widget\" data-e-type=\"widget\" data-widget_type=\"text-editor.default\">\n\t\t\t\t<div class=\"elementor-widget-container\">\n\t\t\t\t\t\t\t\t\t<p>Seguran\u00e7a para atividades acima de dois metros.<\/p>\t\t\t\t\t\t\t\t<\/div>\n\t\t\t\t<\/div>\n\t\t\t\t<\/div>\n\t\t\t\t<\/div>\n\t\t\t\t\t<\/div>\n\t\t\t\t<\/div>\n\t\t\t\t<\/div>\n\t\t","protected":false},"excerpt":{"rendered":"<p>Treinamentos e Capacita\u00e7\u00f5es Normas Regulamentadoras Solicite um or\u00e7amento A capacita\u00e7\u00e3o cont\u00ednua \u00e9 um dos pilares para a constru\u00e7\u00e3o de ambientes de trabalho realmente seguros. Mais do que cumprir exig\u00eancias normativas, os treinamentos em Seguran\u00e7a do Trabalho permitem que colaboradores reconhe\u00e7am riscos, adotem comportamentos preventivos e atuem com mais confian\u00e7a e responsabilidade em suas atividades di\u00e1rias. [&hellip;]<\/p>\n","protected":false},"author":1,"featured_media":0,"parent":0,"menu_order":0,"comment_status":"closed","ping_status":"closed","template":"elementor_header_footer","meta":{"footnotes":""},"class_list":["post-2702","page","type-page","status-publish","hentry"],"_links":{"self":[{"href":"https:\/\/a3medicinadotrabalho.com.br\/campanha\/wp-json\/wp\/v2\/pages\/2702","targetHints":{"allow":["GET"]}}],"collection":[{"href":"https:\/\/a3medicinadotrabalho.com.br\/campanha\/wp-json\/wp\/v2\/pages"}],"about":[{"href":"https:\/\/a3medicinadotrabalho.com.br\/campanha\/wp-json\/wp\/v2\/types\/page"}],"author":[{"embeddable":true,"href":"https:\/\/a3medicinadotrabalho.com.br\/campanha\/wp-json\/wp\/v2\/users\/1"}],"replies":[{"embeddable":true,"href":"https:\/\/a3medicinadotrabalho.com.br\/campanha\/wp-json\/wp\/v2\/comments?post=2702"}],"version-history":[{"count":10,"href":"https:\/\/a3medicinadotrabalho.com.br\/campanha\/wp-json\/wp\/v2\/pages\/2702\/revisions"}],"predecessor-version":[{"id":2714,"href":"https:\/\/a3medicinadotrabalho.com.br\/campanha\/wp-json\/wp\/v2\/pages\/2702\/revisions\/2714"}],"wp:attachment":[{"href":"https:\/\/a3medicinadotrabalho.com.br\/campanha\/wp-json\/wp\/v2\/media?parent=2702"}],"curies":[{"name":"wp","href":"https:\/\/api.w.org\/{rel}","templated":true}]}}